{"id":26,"date":"2022-08-01T08:07:59","date_gmt":"2022-08-01T08:07:59","guid":{"rendered":"https:\/\/permed.md\/?page_id=26"},"modified":"2022-08-01T08:07:59","modified_gmt":"2022-08-01T08:07:59","slug":"despre-permed","status":"publish","type":"page","link":"https:\/\/permed.md\/?page_id=26","title":{"rendered":"Despre PERMED"},"content":{"rendered":"<p>Asocia\u021bia de Medicin\u0103 personalizat\u0103 din Moldova (AMEDPER) adreseaz\u0103 cuno\u0219tin\u021bele despre medicina \u0219i tratamentul personalizat ca beneficiu sporit pentru pacient. AMEDPER este o asocia\u021bie profesional\u0103 care promoveaz\u0103 cercetarea, finan\u021barea \u0219i implementarea medicinii personalizate.<\/p>\n<p>Asocia\u021bia \u00eentrune\u0219te ca membri cercet\u0103tori, oameni de \u0219tiin\u021b\u0103, profesioni\u0219ti din domeniul medical, industria farmaceutic\u0103, diagnosticul de laborator, companii de afaceri care pot favoriza \u00een\u021belegerea, adoptarea \u0219i aplicarea conceptului de medicin\u0103 personalizat\u0103.<\/p>\n<p>Eforturile AMEDPER implic\u0103 sensibilizarea cu privire la medicina personalizat\u0103, identificarea solu\u021biilor potrivite pentru crearea unei scheme aplicative durabile de implementare.<\/p>\n","protected":false},"excerpt":{"rendered":"<p>Asocia\u021bia de Medicin\u0103 personalizat\u0103 din Moldova (AMEDPER) adreseaz\u0103 cuno\u0219tin\u021bele despre medicina \u0219i tratamentul personalizat ca beneficiu sporit pentru pacient. AMEDPER este o asocia\u021bie profesional\u0103 care promoveaz\u0103 cercetarea, finan\u021barea \u0219i implementarea medicinii personalizate. Asocia\u021bia \u00eentrune\u0219te ca membri cercet\u0103tori, oameni de \u0219tiin\u021b\u0103, profesioni\u0219ti din domeniul medical, industria farmaceutic\u0103, diagnosticul de laborator, companii de afaceri care pot favoriza [&hellip;]<\/p>\n","protected":false},"author":1,"featured_media":0,"parent":0,"menu_order":0,"comment_status":"closed","ping_status":"closed","template":"","meta":{"footnotes":""},"class_list":["post-26","page","type-page","status-publish","hentry","post"],"_links":{"self":[{"href":"https:\/\/permed.md\/index.php?rest_route=\/wp\/v2\/pages\/26","targetHints":{"allow":["GET"]}}],"collection":[{"href":"https:\/\/permed.md\/index.php?rest_route=\/wp\/v2\/pages"}],"about":[{"href":"https:\/\/permed.md\/index.php?rest_route=\/wp\/v2\/types\/page"}],"author":[{"embeddable":true,"href":"https:\/\/permed.md\/index.php?rest_route=\/wp\/v2\/users\/1"}],"replies":[{"embeddable":true,"href":"https:\/\/permed.md\/index.php?rest_route=%2Fwp%2Fv2%2Fcomments&post=26"}],"version-history":[{"count":1,"href":"https:\/\/permed.md\/index.php?rest_route=\/wp\/v2\/pages\/26\/revisions"}],"predecessor-version":[{"id":27,"href":"https:\/\/permed.md\/index.php?rest_route=\/wp\/v2\/pages\/26\/revisions\/27"}],"wp:attachment":[{"href":"https:\/\/permed.md\/index.php?rest_route=%2Fwp%2Fv2%2Fmedia&parent=26"}],"curies":[{"name":"wp","href":"https:\/\/api.w.org\/{rel}","templated":true}]}}